- 4. Let i = 7 + -5. Suppose n = 5*w + 36 - 140, -2*w = -i*n - 48. Suppose -5*h - w = -0*h. Determine z(h).
-4
Suppose 2*g - 10 = -3*g. Suppose -4*a + 112 = 32. Let y(w) = 3*w - 20 + a. Calculate y(g).
6
Let f(d) = -d**2 + 6*d - 7. Let u(a) = -13*a + 84. Let q be u(6). What is f(q)?
-7
Let b be 18/(-2)*3/(-9). Let r(p) = 9*p - 8 - 1 - 10*p - b. What is r(-5)?
-7
Let o(f) = -f + 6. Let l be o(7). Let z(b) = -4*b**3 - 2*b**2 + 1. Let x be z(l). Let c = x - 5. Let v(q) = q**3 + 4*q**2 + 4*q + 3. Give v(c).
3
Let l(q) = 6*q**2 + 3*q - 6. Let p(n) = 4*n**2 + 2*n - 4. Let u be 42/8 + 2/(-8). Let x = -10 + u. Let y(o) = x*l(o) + 8*p(o). Determine y(2).
8
Let k(t) = t - 5. Let z be -2*4/8 - -8. Determine k(z).
2
Let q be -7 - (4 + -5 + 0). Let a(c) = -c + 5. What is a(q)?
11
Suppose 1 = -n - 2*d - 2, 0 = 2*n + 2*d - 2. Let q(j) = 0*j + 2*j - 6 + 2. Determine q(n).
6
Let h(y) = y**2 - 8*y - 3. Let w be h(9). Let s be (21/w - 3)*2. Let o(r) be the first derivative of 4*r**2 - r + 1. Calculate o(s).
7
Let m(l) be the second derivative of -l**4/12 + 5*l**3/6 - 5*l**2/2 - 4*l. Give m(5).
-5
Let b(a) = -2*a + 1 - a**2 - 3*a**2 - 77*a**3 + 78*a**3. What is b(5)?
16
Let x(m) = -2*m**2 + 3*m - 1. Let j be 1*9/(-2)*4/(-6). What is x(j)?
-10
Let a(b) = 2*b**2 + b - 2. Let j be a(-2). Let v(m) = -2*m**2 - m**2 + 2*m**2 + 2*m + m + j. Let s = 3 + 2. Give v(s).
-6
Let w(m) = -6*m**2 - 26*m - 11. Let q(k) = k**2 + 5*k + 2. Let g(v) = -11*q(v) - 2*w(v). Determine g(2).
-2
Let r(l) = 2*l + 1. Let h = -15 + 13. Determine r(h).
-3
Let k(q) = q - 1. Suppose 0 = 2*f + 4*d + 16, 3*d = -2*f - 3 - 9. Let i(x) = -x - 5*x + 8 - 1 + f. Let h(m) = 2*i(m) + 14*k(m). Calculate h(1).
2
Let h be (-2)/5 - (-36)/(-10). Let o = -1 - h. Let z(n) = 1 + 1 + n - 7 + o. What is z(-3)?
-5
Let f(z) = -z - 2. Let j be f(0). Let b(t) = 8*t - 1. Let w(s) = 4*s. Let d(c) = -3*b(c) + 7*w(c). Give d(j).
-5
Suppose -8 = -2*y - 2*y. Suppose -y*f = -3 - 5. Let x(u) = 4*u + 4*u**2 - 2 - 1 - 2*u - u**3. Calculate x(f).
5
Let g(c) = -11*c**2 + 4*c - 5. Let y(b) = 7*b**2 - 3*b + 3. Let o(v) = -5*g(v) - 8*y(v). Suppose 2*h - 22 + 8 = t, -5*t = -h + 25. Give o(h).
-4
Let s be (1 + 11)*5*(-1)/(-10). Let x(u) = -u**2 + 5*u + 8. What is x(s)?
2
Let z(k) = -k**3 + 6*k**2 - 6*k. Let w(t) = t**3 - 8*t**2 - 4*t - 4. Let m be w(9). Suppose -m = -4*u - 5*a, -3*a + 27 = 3*u - 0*a. What is z(u)?
8
Let r(g) = -13*g**2 + g - 4. Suppose 0 = 9*n - 8*n + 3. Let t(d) = -d**2 - 1. Let p(i) = n*t(i) + r(i). Calculate p(1).
-10
Let y(t) = -t - 1. Let q = 14 + -4. Suppose -q = 4*n - 2*n. What is y(n)?
4
Let q(x) = -x**2 + 2*x + 1. Let t be (2 - (2 - 3)) + -5 + 1. Give q(t).
-2
Let n(h) = -3 - h + 3. Suppose -7*t + 6 + 29 = 0. Give n(t).
-5
Suppose -v - 2*j + 7 = 0, 2*v = j - 0*j + 9. Let g = 0 + v. Let s(b) = 5 - g + 3*b. Determine s(-3).
-9
Let k(x) = x**3 - 11*x**2 + 1. Let v = -6 + 17. Let s be k(v). Let r(g) = 10*g**2 + g - 1. Give r(s).
10
Let b(u) = 3*u**2 + 5*u - 2. Let t(o) = -3 - 5 + 20*o - 1 + 13*o**2. Suppose -l + 2*q + 17 = 0, -l + 5 = -0*l + q. Let g(p) = l*b(p) - 2*t(p). Determine g(-5).
0
Let y = -13 + 18. Suppose -y*t - 9 = -2*a, 3*t - 3 = 5*a - t. Let l(z) be the first derivative of z**3/3 + 5*z**2/2 + 2*z - 7. Give l(a).
-4
Let t be 22/5 - (-8)/(-20). Suppose 0*o = -4*o + 5*d - 37, -17 = t*o - d. Let l(p) be the first derivative of p**3/3 + 2*p**2 - p + 1. Calculate l(o).
-4
Let l(v) be the first derivative of v**2/2 + 2*v - 33. Give l(6).
8
Let r(j) = -j - 1. Suppose -h = -3 + 2. Suppose -k - h = -0*k. Let o be 2/(-2)*k*2. What is r(o)?
-3
Let b(o) = -o + 5. Suppose 0*n = 3*n - 9. Suppose n*v = v. Suppose v*i + i = 0. What is b(i)?
5
Let i(r) be the first derivative of -r**6/120 - 7*r**5/60 + r**4/3 + r**3 - r**2/2 - 1. Let f(z) be the second derivative of i(z). Calculate f(-8).
6
Let n(j) = -13 + 4*j + 4*j**2 + 3 - j**3 + 4 + 2. Give n(4).
12
Let j(n) be the first derivative of n**2/2 - n - 7. Give j(-5).
-6
Let i(a) = -2*a**3 + a. Let j(g) = 2*g**3 - g. Let v(w) = -6*i(w) - 5*j(w). Let l be v(-1). Let x(p) = -7*p**2 + 1. Determine x(l).
-6
Let w(d) be the third derivative of 0*d - 1/24*d**4 + 5/6*d**3 - 5*d**2 + 0. Give w(6).
-1
Let p(h) be the third derivative of -h**6/24 + h**4/24 + 2*h**2. Let u(k) = -k**2 + 4*k - 3. Let a be u(2). Give p(a).
-4
Let h = 19 - 19. Let x(y) be the second derivative of -2*y + 1/3*y**3 + h - 1/4*y**4 + 1/2*y**2. Determine x(2).
-7
Let r(c) = -c**3 + 26*c**2 - c + 20. Let z be r(26). Let t(i) = i**2 + 5*i - 2. Give t(z).
4
Let w(i) = i**3 - i**2 - 3*i + 2. Let j = 1 + 0. Suppose -2*x = -3 - j. Determine w(x).
0
Let g(r) = 5 + 0*r - 2*r + 5*r - 3. What is g(-4)?
-10
Suppose 0*a - 30 = -5*a. Let i(z) = z - 6. Give i(a).
0
Let i(m) = 4*m**2 - 4*m + 1. Let a(x) = -9*x**2 + 9*x - 3. Let r(o) = -2*a(o) - 5*i(o). Calculate r(3).
-11
Suppose 4*i - 31 = -147. Let l = 19 + i. Let v be ((-12)/l)/((-4)/(-10)). Let u(x) = x - 4. Calculate u(v).
-1
Let t(x) = x**2 - 5*x + 3. Suppose -d = -4*k + 62, -6*k + 54 = -2*k + 3*d. Let q = -10 + k. Determine t(q).
3
Let q = -6 + 12. Let s(a) = a**3 - 6*a**2 - a + 8. Let o be s(q). Let r(m) = -2*m**2 - m**2 + 4*m**o. Calculate r(1).
1
Suppose -2*f + 6*f = 0. Let o(q) = q + 14. What is o(f)?
14
Let j(o) be the second derivative of -o**5/20 + o**4/2 - 2*o**3/3 + 3*o**2 + 5*o. Calculate j(5).
11
Let y(k) = k**2 - 7*k + 21. Let t(r) = r - 1. Let q(f) = 6*t(f) + y(f). Suppose 14*o - 2 = -4*h + 15*o, 0 = -4*h + 4*o + 8. Calculate q(h).
15
Suppose r + 12 = -2*r. Let u = r + 6. Suppose 2*v = u - 4. Let m(h) = 4*h. What is m(v)?
-4
Let s = 8 + -17. Let t be 15/s*9/(-3). Let a(f) be the third derivative of -f**6/120 + f**5/15 + f**4/6 + f**3/6 - f**2. Give a(t).
-4
Suppose 5*i + 19 = -4*k, 5*i + 0*i - 5*k + 10 = 0. Let h(f) = 2*f - 1. Give h(i).
-7
Let u(m) = -4*m + 189 - 190 - m**2 + 3*m. Suppose -3*y + 2*y = -2. Suppose -y*o - 2 = -2*d + d, 4*o + 2*d = -4. Calculate u(o).
-1
Let q be 5/((-30)/(-28)) + 24/(-8). Let u(z) be the first derivative of 1/4*z**4 - 1 + q*z**3 + 0*z**2 - z. Give u(-5).
-1
Let b = 15 + -5. Let v = 5 - b. Let l(d) = -d**2 - d**2 + 6 + d**2 - 5*d + d. Determine l(v).
1
Let b(o) be the third derivative of -o**7/1680 + o**6/360 + o**5/30 + 3*o**2. Let q(c) be the third derivative of b(c). Determine q(2).
-4
Let v be -1 - (4 + -2 - 11). Let s = 5 - v. Let o(q) = -q**3 - 3*q**2 - 3. What is o(s)?
-3
Suppose -n = 2*n + 3. Let z(q) = q**3 + 7*q**2 + 7*q + 7. Let x be z(-6). Let a be -3 + x - (n + 0). Let c(b) = -5*b**2 - 1. Determine c(a).
-6
Let v(m) = -m - 2. Let n(r) = 2 - 4*r + 1 - 4 + 5*r. Let w(l) = -3*n(l) - v(l). Give w(4).
-3
Suppose 0*b - 2 = 4*i - 2*b, 3*b + 21 = -2*i. Let a(c) = -5 - c**3 - 4*c**2 - c + 2 - 4*c. Calculate a(i).
3
Let v(h) = 2*h**3 + h**2 + h + 2. Let k(r) = -2*r**3 - r**2 - r - 2. Let a = 7 - 3. Let l(s) = a*v(s) + 5*k(s). What is l(-2)?
12
Let z be (-1 + 4)*(-2 + 3). Suppose 0 = 5*u + z*j + 40, 13 = u - 4*j - 2. Let k(t) = -t - 7. Give k(u).
-2
Let i(u) = 4*u**2 - u**2 - 2*u**2 + u**3 - 5*u**3. Give i(-1).
5
Let l(v) = -v**3 - v**2 + v - 1. Suppose 4*r - 15 = -15. Give l(r).
-1
Suppose 0 = 2*k - 6*k. Let t(x) = -x**2 + 2*x - 10. Let s(n) = -n - 2. Let u(r) = s(r) + t(r). Give u(k).
-12
Let q(d) be the second derivative of 0 + 3*d - 1/6*d**4 - 3/2*d**2 - 1/2*d**3 - 1/20*d**5. Determine q(-2).
3
Let c(v) = 2*v + 8. Let s(z) = -5*z - 17. Let a(p) = 7*c(p) + 3*s(p). Let l(g) = g**2 + 6. Let u be l(0). Determine a(u).
-1
Let p(u) = -u - 4. Let d be -15*((-14)/(-56) - 10/(-24)). Calculate p(d).
6
Let v(k) = -k**2 + 10*k - 14. Let t be v(7). Let y(o) = -4*o**2 - 8*o - 16. Let r(n) = 3*n**2 + 5*n + 11. Let h(z) = t*r(z) + 5*y(z). Determine h(4).
-7
Let k(o) = -64*o**2 + 33*o**2 + o**3 - o + 2 + 30*o**2. Calculate k(0).
2
Let y(l) = 2. Let m(c) = -c + 6. Let x(z) = -3*m(z) + 8*y(z). Give x(4).
10
Let o(s) = 9*s**3 + s**2. Let y(n) = -3*n - 17. Let d be y(-7). Suppose v - 3 + d = 0. Give o(v).
-8
Let d(g) be the third derivative of g**8/3360 + g**7/1260 + g**6/720 - g**5/120 - g**4/12 - g**2. Let z(w) be the second derivative of d(w). What is z(-2)?
-11
Let o(c) be the third derivative of -c**6/120 - c**5/15 - c**4/12 - c**3/3 + 7*c**2. Give o(-3).
-5
Let p(q) = q + 9. Let h be p(-7). Let n = 0 - h. Let f(j) = 4 - 3 - 2